1502 divide 72471500?
True
Is 156794715 a multiple of 63?
True
Is 64 a factor of 17093492?
False
Is 7499840816 a multiple of 39?
False
Does 26 divide 97605106?
False
Is 21709166 a multiple of 21?
False
Is 510875919 a multiple of 87?
True
Is 391350515 a multiple of 142?
False
Is 224 a factor of 437823008?
True
Is 22811647 a multiple of 685?
False
Is 42 a factor of 12687402?
True
Is 925 a factor of 482424081?
False
Is 815794083 a multiple of 97?
False
Does 379 divide 706194869?
True
Is 60385233 a multiple of 1467?
False
Is 320376589 a multiple of 342?
False
Does 964 divide 156121728?
True
Is 58 a factor of 20200762?
True
Is 1211445222 a multiple of 194?
True
Is 62212437 a multiple of 5392?
False
Is 250090848 a multiple of 504?
True
Is 15584772 a multiple of 2?
True
Is 829 a factor of 124141921?
True
Is 18658544 a multiple of 32?
False
Is 2 a factor of 48120070?
True
Is 14292688 a multiple of 712?
True
Is 299 a factor of 89634818?
True
Does 1253 divide 1075917269?
True
Does 1931 divide 913363?
True
Is 160337131 a multiple of 346?
False
Is 195899301 a multiple of 4636?
False
Is 124893405 a multiple of 15?
True
Is 43 a factor of 45379742?
False
Is 60 a factor of 6439908?
False
Is 913745872 a multiple of 19?
True
Is 165622816 a multiple of 733?
True
Does 54 divide 29404547?
False
Is 26 a factor of 404821482?
True
Does 118 divide 749113088?
True
Is 82397604 a multiple of 764?
False
Is 6 a factor of 111945228?
True
Is 1029 a factor of 26415459?
True
Is 222928384 a multiple of 16?
True
Is 34 a factor of 14331910?
False
Is 200826450 a multiple of 3?
True
Is 4460886 a multiple of 226?
False
Does 14 divide 109974102?
True
Is 566073102 a multiple of 14?
True
Is 75 a factor of 881052300?
True
Is 261 a factor of 4053267?
False
Does 45 divide 49406760?
True
Is 2152 a factor of 62872541?
False
Is 99 a factor of 46928574?
True
Is 683 a factor of 4274833703?
False
Is 66867543 a multiple of 9?
True
Is 69 a factor of 372945?
True
Is 3583192 a multiple of 189?
False
Is 245 a factor of 6185261180?
True
Does 156 divide 198254803?
False
Does 172 divide 3163940?
True
Is 2414 a factor of 828774480?
True
Is 1556049970 a multiple of 411?
False
Is 1247434389 a multiple of 279?
True
Is 1216 a factor of 209187657?
False
Is 1981 a factor of 3320724547?
True
Is 186 a factor of 4594386?
True
Is 1492931104 a multiple of 23?
True
Is 555 a factor of 6629475?
True
Does 20 divide 2192385300?
True
Is 1320 a factor of 357161893?
False
Is 9 a factor of 299831863?
False
Is 898460668 a multiple of 8?
False
Does 1260 divide 32836860?
True
Is 253 a factor of 30843989?
True
Is 7 a factor of 451305708?
True
Is 1918 a factor of 23778800?
False
Is 3705 a factor of 138466888?
False
Is 241 a factor of 93008057?
False
Is 197 a factor of 24748602?
False
Is 5 a factor of 32500261?
False
Does 3952 divide 52130832?
True
Does 128 divide 612938496?
True
Is 90163920 a multiple of 880?
True
Does 4853 divide 130935298?
False
Is 18565406 a multiple of 25?
False
Does 605 divide 45995730?
True
Is 3741474926 a multiple of 138?
False
Is 439395085 a multiple of 12?
False
Is 31808272 a multiple of 16?
True
Does 993 divide 461082397?
False
Is 37549281 a multiple of 1113?
True
Does 1196 divide 1780711244?
True
Does 2 divide 40926417?
False
Does 5059 divide 137650331?
True
Is 589137268 a multiple of 1891?
True
Is 35 a factor of 78302438?
False
Does 21 divide 1042485444?
True
Is 2752 a factor of 56467338?
False
Is 30657016 a multiple of 76?
False
Is 3 a factor of 1113694096?
False
Is 16 a factor of 1017548300?
False
Does 70 divide 8088640683?
False
Does 2779 divide 25536231?
True
Is 62 a factor of 2256841383?
False
Is 2105 a factor of 272713835?
False
Is 31928652 a multiple of 771?
True
Is 57 a factor of 36866059?
False
Is 18 a factor of 984348?
True
Does 358 divide 196867482?
False
Is 863935308 a multiple of 204?
True
Does 6 divide 544758346?
False
Does 12 divide 234129698?
False
Is 26 a factor of 40313880?
False
Is 57 a factor of 20688663?
True
Does 853 divide 49050912?
True
Is 2125543 a multiple of 5?
False
Is 13752469 a multiple of 31?
False
Is 1087949424 a multiple of 236?
False
Does 823 divide 10892180?
False
Is 1384498632 a multiple of 2244?
True
Does 27 divide 626666016?
False
Is 53564520 a multiple of 16?
False
Does 18 divide 34247376?
True
Does 57 divide 35357150?
False
Does 821 divide 8243659?
False
Is 12595506 a multiple of 17?
False
Is 13981332 a multiple of 179?
True
Is 22603217 a multiple of 17?
True
Is 649 a factor of 11447062?
True
Does 1981 divide 41362693?
False
Does 38 divide 3757820?
True
Is 11 a factor of 131088947?
True
Is 37 a factor of 9379796?
True
Is 23 a factor of 1870522627?
False
Is 1038 a factor of 110911191?
False
Is 651 a factor of 16700754?
True
Does 275 divide 26778480?
False
Is 1951 a factor of 8052609286?
False
Is 258924288 a multiple of 672?
True
Does 378 divide 9911269?
False
Is 11872 a factor of 220438998?
False
Is 2714 a factor of 50287706?
True
Is 97 a factor of 445925199?
True
Is 353 a factor of 685709207?
True
Is 132 a factor of 15907348?
False
Does 213 divide 50683033?
False
Does 36 divide 35758908?
True
Is 5 a factor of 256729960?
True
Does 1831 divide 3521451960?
False
Is 66 a factor of 330625921?
False
Does 363 divide 99040068?
False
Is 53 a factor of 845143105?
False
Is 172 a factor of 2658398?
False
Is 68324772 a multiple of 12?
True
Is 106 a factor of 224411?
False
Is 97287236 a multiple of 158?
True
Is 16 a factor of 45761526?
False
Does 2304 divide 513944223?
False
Does 111 divide 180923846?
False
Is 28 a factor of 28697202?
False
Does 61 divide 4625020?
True
Is 16713599 a multiple of 28?
False
Does 2417 divide 432448509?
False
Is 714 a factor of 51611223?
False
Does 83 divide 123787362?
True
Does 24 divide 120315912?
True
Does 1636 divide 491527839?
False
Is 46 a factor of 2817178?
True
Is 10 a factor of 165885801?
False
Is 14709462 a multiple of 6?
True
Is 2659634238 a multiple of 37?
False
Is 5177 a factor of 417069474?
True
Does 23 divide 221100817?
True
Is 17 a factor of 387602015?
False
Does 57 divide 91878699?
True
Is 5 a factor of 1648798?
False
Does 4424 divide 117481968?
False
Does 174 divide 36758022?
True
Is 39084486 a multiple of 32?
False
Is 80 a factor of 28595546?
False
Does 171 divide 23672898?
True
Does 4159 divide 3854170254?
True
Does 28 divide 1391321148?
True
Does 149 divide 1201758755?
True
Does 123 divide 508808811?
True
Does 3235 divide 273101935?
True
Does 152 divide 2185697?
False
Is 335949036 a multiple of 51?
True
Is 636756089 a multiple of 118?
False
Does 316 divide 271349106?
False
Is 4 a factor of 6930284?
True
Is 107893057 a multiple of 24?
False
Is 68492624 a multiple of 74?
True
Is 22649653 a multiple of 7?
False
Is 126 a factor of 2067418206?
True
Is 1216440225 a multiple of 819?
True
Does 8 divide 5707176?
True
Does 14 divide 546093562?
True
Does 1844 divide 308338645?
False
Does 85 divide 61482455?
True
Does 19 divide 23732795?
False
Is 18 a factor of 1687791764?
False
Is 1645672875 a multiple of 21?
True
Does 14 divide 16616923?
False
Is 5095 a factor of 212536279?
False
Is 32 a factor of 2506077?
False
Does 4422 divide 1530219834?
True
Does 4540 divide 668982804?
False
Is 72579879 a multiple of 12?
False
Is 12 a factor of 2060345113?
False
Is 17707148 a multiple of 394?
True
Is 506 a factor of 7162430?
True
Does 425 divide 59386100?
True
Is 1742220045 a multiple of 144?
False
Is 375 a factor of 516375?
True
Is 5 a factor of 1373097420?
True
Is 34396199 a multiple of 21?
False
Is 461055 a multiple of 57?
False
Is 599355702 a multiple of 319?
True
Is 153922445 a multiple of 14?
False
Is 840 a factor of 16539594?
False
Does 513 divide 593682120?
False
Is 3528063 a multiple of 7?
True
Is 12 a factor of 91654140?
True
Is 22795385 a multiple of 9?
False
Is 7306825 a multiple of 128?
False
Is 13 a factor of 20317506?
False
Is 723 a factor of 37663848?
False
Is 46008489 a multiple of 678?
False
Is 152 a factor of 3985733915?
False
Is 190543466 a multiple of 478?
False
Is 8070700 a multiple of 68?
False
Does 42 divide 1799947674?
True
Is 29206434 a multiple of 122?
True
Is 74998811 a multiple of 14?
False
Does 31 divide 177208409?
False
Is 40 a factor of 281563434?
False
Is 339662664 a multiple of 4824?
True
Is 30620325 a multip